4, what is -2121330121 - 11?
-2121330132
In base 7, what is -532 - 10?
-542
In base 16, what is b7 - -1ec?
2a3
In base 2, what is -1 + -1010101010110?
-1010101010111
In base 10, what is 5 - -5578?
5583
In base 3, what is 0 - -111021100?
111021100
In base 3, what is 11021212021 + -10?
11021212011
In base 7, what is 205 + 26?
234
In base 15, what is b7 + 9a2?
a69
In base 6, what is 20241 - -4404?
25045
In base 6, what is -132 - 2013?
-2145
In base 12, what is 14449 - 2?
14447
In base 6, what is -4 + 344321?
344313
In base 13, what is -cb2 - 13?
-cc5
In base 5, what is -3 + -41143?
-41201
In base 9, what is -3 - 137663?
-137666
In base 3, what is -20020111 + -10?
-20020121
In base 11, what is 42612 - 3?
4260a
In base 11, what is 40 + -529?
-499
In base 10, what is -5 - 77587?
-77592
In base 7, what is -206302 + 5?
-206264
In base 3, what is -21100 - -2112210?
2021110
In base 11, what is -7 + -17791?
-17798
In base 3, what is -1121012 + 112?
-1120200
In base 15, what is -18e + 21e7?
2058
In base 8, what is 22233167 + -5?
22233162
In base 4, what is -22130232 - -11?
-22130221
In base 11, what is 26 + 182?
1a8
In base 13, what is 34392 - 2?
34390
In base 2, what is 11001111 + 1111110101?
10011000100
In base 5, what is -324 + -2210?
-3034
In base 7, what is 232514 + -6?
232505
In base 5, what is 312211 + -14?
312142
In base 7, what is 45 - 1324?
-1246
In base 12, what is 4486a - 3?
44867
In base 13, what is 3835 + -46?
37bc
In base 15, what is 94562 - -3?
94565
In base 16, what is 8 + -12a5?
-129d
In base 11, what is 4 - 5007?
-5003
In base 4, what is 21 - 102230?
-102203
In base 10, what is -2675 - 8?
-2683
In base 4, what is -12032 - 131011?
-203103
In base 6, what is -2520510 - -2?
-2520504
In base 4, what is -121 + -1013?
-1200
In base 5, what is 41030 + 1343?
42423
In base 3, what is 22202010211 - -111?
22202011022
In base 8, what is 124 - 14?
110
In base 16, what is 5955 + 6a?
59bf
In base 5, what is 113200 + -33?
113112
In base 11, what is -178529 - -1?
-178528
In base 14, what is 12146 + 4?
1214a
In base 13, what is 5 - 6?
-1
In base 16, what is 34c + -6?
346
In base 9, what is -216032 - 5?
-216037
In base 7, what is -5220 - 30?
-5250
In base 12, what is 3081 - -14a?
320b
In base 7, what is 4 - -13135443?
13135450
In base 7, what is 64 - -136265?
136362
In base 8, what is -1 + -1627467?
-1627470
In base 12, what is 1b4 + -501?
-309
In base 9, what is -106 + -215?
-322
In base 3, what is -102020202 + 100?
-102020102
In base 13, what is 367 - -330?
697
In base 16, what is -e - 3d?
-4b
In base 14, what is -12 + -2599?
-25ab
In base 15, what is a45c - 3?
a459
In base 10, what is 47 - 590?
-543
In base 16, what is 4 - -110d8?
110dc
In base 7, what is 4 + -665355?
-665351
In base 5, what is 4 + -201404?
-201400
In base 3, what is 20121 - 102002112?
-101211221
In base 6, what is -31232 + -205?
-31441
In base 4, what is 1222200 - -1032?
1223232
In base 12, what is 18a + -b5?
95
In base 16, what is -47 - 3f6f?
-3fb6
In base 3, what is 0 + -2201122202?
-2201122202
In base 3, what is 2112110 - 10201?
2101202
In base 6, what is -501 + 2402?
1501
In base 2, what is 100011110000100000100 + 10?
100011110000100000110
In base 16, what is -7a0d - 39?
-7a46
In base 13, what is 262 - 29?
236
In base 7, what is -2341 + -4445?
-10116
In base 12, what is -15b + 18a?
2b
In base 8, what is 3 + -66036?
-66033
In base 9, what is 0 + 17017?
17017
In base 5, what is 4 - -1341234?
1341243
In base 14, what is -18bc4 - 4?
-18bc8
In base 13, what is 216040 - 1?
21603c
In base 6, what is 11054 + 24?
11122
In base 5, what is 21 + 113442?
114013
In base 6, what is -303235 - 2?
-303241
In base 6, what is -245404 + 24?
-245340
In base 16, what is -145 + -1a4?
-2e9
In base 8, what is -2302253 + -10?
-2302263
In base 13, what is 70a7 - -5?
70ac
In base 5, what is -1143012 + -223?
-1143240
In base 6, what is -105 - -213323?
213214
In base 11, what is 5 - 2a128?
-2a123
In base 2, what is 1 - 11111110100010001?
-11111110100010000
In base 4, what is -13 + 2200013300?
2200013221
In base 10, what is -1230 + 838?
-392
In base 12, what is 192a4 - -5?
192a9
In base 3, what is -12 - 1001110022?
-1001110111
In base 15, what is -718 - db?
-804
In base 10, what is -1282 - -10?
-1272
In base 9, what is -6734 - 33?
-6767
In base 15, what is -4214d + e?
-4213e
In base 4, what is 3 + 1300021013?
1300021022
In base 13, what is -61 - 25c5?
-2656
In base 11, what is 46687 - -5?
46691
In base 4, what is 1112320323 + -10?
1112320313
In base 14, what is 13 - -43?
56
In base 11, what is 199a6 + 7?
19a02
In base 11, what is -514 - 120?
-634
In base 16, what is 36 - -70b?
741
In base 11, what is -2085a + -2?
-20861
In base 15, what is 1337 + -30?
1307
In base 2, what is -10 + -11000000010000?
-11000000010010
In base 12, what is 4 - 12753?
-1274b
In base 10, what is 3 - -39888?
39891
In base 13, what is 4a2 + 198?
66a
In base 12, what is 247827 - -2?
247829
In base 4, what is 132113 - 2322?
123131
In base 4, what is 100 + 3102323?
3103023
In base 16, what is -a - 8e8b?
-8e95
In base 7, what is -334 - 45?
-412
In base 15, what is -11571 - -2?
-1156e
In base 4, what is 1 + -113123211?
-113123210
In base 10, what is -11 - -7872?
7861
In base 9, what is 4 - 1830211?
-1830206
In base 16, what is -4a + 1c5?
17b
In base 10, what is -61 + 37955?
37894
In base 4, what is -102123103 - -1?
-102123102
In base 10, what is -22 - -178?
156
In base 10, what is 4155 - 2?
4153
In base 12, what is 4 + 71673?
71677
In base 2, what is -10001000110101100110 + 1?
-10001000110101100101
In base 10, what is 5 + 853821?
853826
In base 8, what is 140 - -11147?
11307
In base 15, what is -bb5d + 1?
-bb5c
In base 9, what is -17 - -125885?
125867
In base 5, what is 2 + -30333234?
-30333232
In base 16, what is -119 + -6b?
-184
In base 4, what is 3201021 + 11?
3201032
In base 16, what is 3 - 284ab?
-284a8
In base 11, what is 56 - -1415?
1470
In base 7, what is -14636 + 23?
-14613
In base 7, what is -24 + 1336?
1312
In base 4, what is -3 + 21222302?
21222233
In base 5, what is -13 - -21410443?
21410430
In base 9, what is 2 - -10517?
10520
In base 16, what is -15e1 - 55?
-1636
In base 3, what is 1012 - 101101200?
-101100111
In base 11, what is -116 + -3310?
-3426
In base 3, what is 1210211 + 11110?
1222021
In base 15, what is -7ac + 10?
-79c
In base 14, what is -59 - 44d1?
-454a
In base 14, what is -1958 + -289?
-1c03
In base 10, what is -61731 - -6?
-61725
In base 12, what is 198129 - -1?
19812a
In base 2, what is 1001100110010 + -11100100?
1001001001110
In base 6, what is -453405 - 13?
-453422
In base 3, what is 10222122 - -2000?
11001122
In base 14, what is -2 + -1117b1?
-1117b3
In base 12, what is 171b - 6?
1715
In base 6, what is -123204 + -1043?
-124251
In base 6, what is 425034 - 1?
425033
In base 13, what is -3 - -50c2?
50bc
In base 9, what is 425853 - 0?
425853
In base 9, what is 1 - -20487?
20488
In base 8, what is -50231 - -1?
-50230
In base 15, what is 3 + -9ab18?
-9ab15
In base 9, what is 0 + 354010?
354010
In base 7, what is 113163 - -2?
113165
In base 16, what is 48 + -42a3?
-425b
In base 10, what is -1 + 2200?
2199
In base 10, what is -2 + -15136?
-15138
In base 5, what is 12000 + 312?
12312
In base 5, what is -1212 - 1141411?
-1143123
In base 12, what is 1 - -2389?
238a
In base 7, what is 16 - 560?
-541
In base 14, what is -10a4 - 28?
-10cc
In base 8, what is 46362 - -1?
46363
In base 15, what is -133 - -5b?
-c7
In base 15, what is -db6e + 16?
-db58
In base 6, what is 2 + 120023?
120025
In base 7, what is 10 + 136126?
136136
In base 11, what is 1 - -71641?
71642
In base 11, what is 224a + -105?
2145
In base 3, what is 11210221222011 - -10?
11210221222021
In base 12, what is -65149 + 1?
-65148
In base 7, what is 2140 + -31?
2106
In base 15, what is 14c9 + 14?
14dd
In base 9, what is -5238 + -350?
-5588
In base 12, what is 22 + -501?
-49b
In base 12, what is 933 - 25?
90a
In base 7, what is 323 + -35044?
-34421
In base 15, what is 4bb5 - -56?
4c1b
In base 11, what is 3053 + 6?
3059
In base 8, what is -13 + -52467?
-52502
In base 11, what is -972 + -45a?
-1321
In base 14, what is -8 + -338?
-342
In base 8, what is -5431 - 26?
-5457
In base 11, what is 143 + -3683?
-3540
In base 6, what is -231 + -414?
-1045
In base 12, what 